{"id":1421,"date":"2024-03-26T00:28:30","date_gmt":"2024-03-25T23:28:30","guid":{"rendered":"https:\/\/praxisadolphmissler.de\/?page_id=1421"},"modified":"2024-11-19T14:22:46","modified_gmt":"2024-11-19T13:22:46","slug":"ueberweisung-anfordern","status":"publish","type":"page","link":"https:\/\/praxisadolphmissler.de\/index.php\/leistungen\/ueberweisung-anfordern\/","title":{"rendered":"\u00dcberweisung anfordern"},"content":{"rendered":"<div class=\"wpb-content-wrapper\"><p>[vc_row full_width=&#8220;stretch_row&#8220; css=&#8220;.vc_custom_1711645943129{padding-top: 80px !important;padding-bottom: 80px !important;background-color: #f5f5f5 !important;}&#8220;][vc_column][vc_row_inner content_placement=&#8220;bottom&#8220;][vc_column_inner width=&#8220;1\/4&#8243; offset=&#8220;vc_hidden-sm vc_hidden-xs&#8220;][vc_single_image image=&#8220;1439&#8243; img_size=&#8220;120&#215;120&#8243; alignment=&#8220;center&#8220;][\/vc_column_inner][vc_column_inner width=&#8220;3\/4&#8243;]<div id=\"ultimate-heading-549869f41e188ff40\" class=\"uvc-heading ult-adjust-bottom-margin ultimate-heading-549869f41e188ff40 uvc-8934  uvc-heading-default-font-sizes\" data-hspacer=\"no_spacer\"  data-halign=\"left\" style=\"text-align:left\"><div class=\"uvc-heading-spacer no_spacer\" style=\"top\"><\/div><div class=\"uvc-main-heading ult-responsive\"  data-ultimate-target='.uvc-heading.ultimate-heading-549869f41e188ff40 h1'  data-responsive-json-new='{\"font-size\":\"\",\"line-height\":\"\"}' ><h1 style=\"--font-weight:theme;\">\u00dcberweisung anfordern<\/h1><\/div><\/div>[vc_empty_space][vc_column_text]<\/p>\n<h5>Hier k\u00f6nnen Sie einfach und unkompliziert Ihre \u00dcberweisung anfordern. Bitte f\u00fcllen Sie das Formular vollst\u00e4ndig aus. Felder mit einem * sind Pflichtfelder. Klicken Sie anschlie\u00dfend auf SENDEN.<\/h5>\n<p>[\/vc_column_text][\/vc_column_inner][\/vc_row_inner][vc_empty_space height=&#8220;64px&#8220;]\n<div class=\"wpcf7 no-js\" id=\"wpcf7-f1585-o1\" lang=\"de-DE\" dir=\"ltr\" data-wpcf7-id=\"1585\">\n<div class=\"screen-reader-response\"><p role=\"status\" aria-live=\"polite\" aria-atomic=\"true\"><\/p> <ul><\/ul><\/div>\n<form action=\"\/index.php\/wp-json\/wp\/v2\/pages\/1421#wpcf7-f1585-o1\" method=\"post\" class=\"wpcf7-form init\" aria-label=\"Kontaktformular\" novalidate=\"novalidate\" data-status=\"init\">\n<fieldset class=\"hidden-fields-container\"><input type=\"hidden\" name=\"_wpcf7\" value=\"1585\" \/><input type=\"hidden\" name=\"_wpcf7_version\" value=\"6.1.5\" \/><input type=\"hidden\" name=\"_wpcf7_locale\" value=\"de_DE\" \/><input type=\"hidden\" name=\"_wpcf7_unit_tag\" value=\"wpcf7-f1585-o1\" \/><input type=\"hidden\" name=\"_wpcf7_container_post\" value=\"0\" \/><input type=\"hidden\" name=\"_wpcf7_posted_data_hash\" value=\"\" \/>\n<\/fieldset>\n<p><label> Name, Vorname *<br \/>\n<span class=\"wpcf7-form-control-wrap\" data-name=\"your-name\"><input size=\"40\" maxlength=\"400\" class=\"wpcf7-form-control wpcf7-text wpcf7-validates-as-required\" aria-required=\"true\" aria-invalid=\"false\" value=\"\" type=\"text\" name=\"your-name\" \/><\/span> <\/label>\n<\/p>\n<p><label> Stra\u00dfe, Hausnummer *<br \/>\n<span class=\"wpcf7-form-control-wrap\" data-name=\"your-strasse\"><input size=\"40\" maxlength=\"400\" class=\"wpcf7-form-control wpcf7-text wpcf7-validates-as-required\" aria-required=\"true\" aria-invalid=\"false\" value=\"\" type=\"text\" name=\"your-strasse\" \/><\/span> <\/label>\n<\/p>\n<p><label> PLZ, Wohnort *<br \/>\n<span class=\"wpcf7-form-control-wrap\" data-name=\"your-wohnort\"><input size=\"40\" maxlength=\"400\" class=\"wpcf7-form-control wpcf7-text wpcf7-validates-as-required\" aria-required=\"true\" aria-invalid=\"false\" value=\"\" type=\"text\" name=\"your-wohnort\" \/><\/span> <\/label>\n<\/p>\n<p><label> Geburtsdatum *<br \/>\n<span class=\"wpcf7-form-control-wrap\" data-name=\"date-656\"><input class=\"wpcf7-form-control wpcf7-date wpcf7-validates-as-required wpcf7-validates-as-date\" aria-required=\"true\" aria-invalid=\"false\" value=\"\" type=\"date\" name=\"date-656\" \/><\/span> <\/label>\n<\/p>\n<p><label> Telefon *<br \/>\n<span class=\"wpcf7-form-control-wrap\" data-name=\"your-telefon\"><input size=\"40\" maxlength=\"400\" class=\"wpcf7-form-control wpcf7-text wpcf7-validates-as-required\" aria-required=\"true\" aria-invalid=\"false\" value=\"\" type=\"text\" name=\"your-telefon\" \/><\/span> <\/label>\n<\/p>\n<p><label> E-Mail *<br \/>\n<span class=\"wpcf7-form-control-wrap\" data-name=\"your-email\"><input size=\"40\" maxlength=\"400\" class=\"wpcf7-form-control wpcf7-email wpcf7-validates-as-required wpcf7-text wpcf7-validates-as-email\" aria-required=\"true\" aria-invalid=\"false\" value=\"\" type=\"email\" name=\"your-email\" \/><\/span> <\/label>\n<\/p>\n<p><label> Ben\u00f6tigte \u00dcberweisung *<br \/>\n<span class=\"wpcf7-form-control-wrap\" data-name=\"ueberweisung-zu\"><select class=\"wpcf7-form-control wpcf7-select\" aria-invalid=\"false\" name=\"ueberweisung-zu\"><option value=\"Radiologie\">Radiologie<\/option><option value=\"Kardiologie\">Kardiologie<\/option><option value=\"Orthop\u00e4die\">Orthop\u00e4die<\/option><option value=\"Neurologie\">Neurologie<\/option><option value=\"Diabetologie\">Diabetologie<\/option><option value=\"Psychiatrie\">Psychiatrie<\/option><option value=\"Dermatologie\">Dermatologie<\/option><option value=\"Nephrologie\">Nephrologie<\/option><option value=\"Pulmologie\">Pulmologie<\/option><option value=\"Rheumatologie\">Rheumatologie<\/option><option value=\"HNO\">HNO<\/option><option value=\"Gyn\u00e4kologie\">Gyn\u00e4kologie<\/option><\/select><\/span> <\/label>\n<\/p>\n<p><label> Sonstige<br \/>\n<span class=\"wpcf7-form-control-wrap\" data-name=\"your-subject\"><input size=\"40\" maxlength=\"400\" class=\"wpcf7-form-control wpcf7-text\" aria-invalid=\"false\" value=\"\" type=\"text\" name=\"your-subject\" \/><\/span> <\/label>\n<\/p>\n<p><label> Kommentar<br \/>\n<span class=\"wpcf7-form-control-wrap\" data-name=\"your-message\"><textarea cols=\"40\" rows=\"10\" maxlength=\"2000\" class=\"wpcf7-form-control wpcf7-textarea\" aria-invalid=\"false\" name=\"your-message\"><\/textarea><\/span> <\/label>\n<\/p>\n<p>Ich habe die <a href=\"https:\/\/praxisadolphmissler.de\/index.php\/datenschutz\/\">Datenschutzerkl\u00e4rung<\/a> zur Kenntnis genommen. Mit Absenden meiner Anfrage stimme zu, dass meine Angaben zur Kontaktaufnahme und f\u00fcr R\u00fcckfragen dauerhaft gespeichert werden. Hinweis: Sie k\u00f6nnen Ihre Einwilligung jederzeit per Mail an <a href=\"mailto:info@praxisadolphmissler.de\">info@praxisadolphmissler.de<\/a> widerrufen.\n<\/p>\n<p><input class=\"wpcf7-form-control wpcf7-submit has-spinner\" type=\"submit\" value=\"Senden\" \/>\n<\/p><p style=\"display: none !important;\" class=\"akismet-fields-container\" data-prefix=\"_wpcf7_ak_\"><label>&#916;<textarea name=\"_wpcf7_ak_hp_textarea\" cols=\"45\" rows=\"8\" maxlength=\"100\"><\/textarea><\/label><input type=\"hidden\" id=\"ak_js_1\" name=\"_wpcf7_ak_js\" value=\"87\"\/><script>document.getElementById( \"ak_js_1\" ).setAttribute( \"value\", ( new Date() ).getTime() );<\/script><\/p><div class=\"wpcf7-response-output\" aria-hidden=\"true\"><\/div>\n<\/form>\n<\/div>\n[\/vc_column][\/vc_row][vc_row full_width=&#8220;stretch_row&#8220; equal_height=&#8220;yes&#8220; content_placement=&#8220;middle&#8220; type=&#8220;vc_default&#8220; css=&#8220;.vc_custom_1471297632374{padding-top: 40px !important;padding-bottom: 40px !important;background-color: #38aee1 !important;}&#8220;][vc_column offset=&#8220;vc_col-lg-8 vc_col-md-8 vc_col-xs-12&#8243;][vc_row_inner][vc_column_inner offset=&#8220;vc_hidden-sm vc_hidden-xs&#8220;]<div id=\"ultimate-heading-868469f41e1891669\" class=\"uvc-heading ult-adjust-bottom-margin ultimate-heading-868469f41e1891669 uvc-9325 \" data-hspacer=\"no_spacer\"  data-halign=\"left\" style=\"text-align:left\"><div class=\"uvc-heading-spacer no_spacer\" style=\"top\"><\/div><div class=\"uvc-main-heading ult-responsive\"  data-ultimate-target='.uvc-heading.ultimate-heading-868469f41e1891669 h2'  data-responsive-json-new='{\"font-size\":\"desktop:30px;\",\"line-height\":\"desktop:40px;\"}' ><h2 style=\"--font-weight:theme;color:#ffffff;margin-bottom:10px;\">Termin vereinbaren?<\/h2><\/div><div class=\"uvc-sub-heading ult-responsive\"  data-ultimate-target='.uvc-heading.ultimate-heading-868469f41e1891669 .uvc-sub-heading '  data-responsive-json-new='{\"font-size\":\"desktop:17px;\",\"line-height\":\"desktop:27px;\"}'  style=\"font-weight:normal;color:#ffffff;\">Vereinbaren Sie Ihren n\u00e4chsten Termin bei uns einfach und unkompliziert direkt online!<\/div><\/div>[\/vc_column_inner][\/vc_row_inner][vc_row_inner][vc_column_inner offset=&#8220;vc_hidden-lg vc_hidden-md&#8220;]<div id=\"ultimate-heading-808269f41e18916de\" class=\"uvc-heading ult-adjust-bottom-margin ultimate-heading-808269f41e18916de uvc-9061 \" data-hspacer=\"no_spacer\"  data-halign=\"center\" style=\"text-align:center\"><div class=\"uvc-heading-spacer no_spacer\" style=\"top\"><\/div><div class=\"uvc-main-heading ult-responsive\"  data-ultimate-target='.uvc-heading.ultimate-heading-808269f41e18916de h2'  data-responsive-json-new='{\"font-size\":\"desktop:30px;\",\"line-height\":\"desktop:40px;\"}' ><h2 style=\"--font-weight:theme;color:#ffffff;margin-bottom:10px;\">Termin vereinbaren?<\/h2><\/div><\/div><div class=\" vc_custom_1711645309638 ubtn-ctn-right \"><a class=\"ubtn-link ult-adjust-bottom-margin ubtn-right ubtn-block \" href=\"https:\/\/webtermin.medatixx.de\/#\/34fe7133-9e84-428b-829a-f93005977f83\/search\" target=\"_blank\" rel=\"noopener\"><button type=\"button\" id=\"ubtn-4673\"  class=\"ubtn ult-adjust-bottom-margin ult-responsive ubtn-block ubtn-fade-bg  none  ubtn-sep-icon ubtn-sep-icon-at-left  ubtn-right   tooltip-69f41e1891726 ubtn-block\"  data-hover=\"#ffffff\" data-border-color=\"\" data-bg=\"#f9b233\" data-hover-bg=\"#a2c617\" data-border-hover=\"\" data-shadow-hover=\"\" data-shadow-click=\"none\" data-shadow=\"\" data-shd-shadow=\"\"  data-ultimate-target='#ubtn-4673'  data-responsive-json-new='{\"font-size\":\"desktop:20px;\",\"line-height\":\"desktop:14px;\"}'  style=\"font-family:&#039;Montserrat&#039;;font-weight:700;border:none;background: #f9b233;color: #ffffff;\"><span class=\"ubtn-data ubtn-icon\"><i class=\"icomoon-the7-font-the7-sort-02\" style=\"font-size:32px;color:#ffffff;\"><\/i><\/span><span class=\"ubtn-hover\" style=\"background-color:#a2c617\"><\/span><span class=\"ubtn-data ubtn-text \" >Termin<\/span><\/button><\/a><\/div>[\/vc_column_inner][\/vc_row_inner][\/vc_column][vc_column offset=&#8220;vc_col-lg-4 vc_col-md-4 vc_hidden-sm vc_col-xs-12 vc_hidden-xs&#8220;]<div class=\" vc_custom_1711645309638 ubtn-ctn-right \"><a class=\"ubtn-link ult-adjust-bottom-margin ubtn-right ubtn-block \" href=\"https:\/\/webtermin.medatixx.de\/#\/34fe7133-9e84-428b-829a-f93005977f83\/search\" target=\"_blank\" rel=\"noopener\"><button type=\"button\" id=\"ubtn-9200\"  class=\"ubtn ult-adjust-bottom-margin ult-responsive ubtn-block ubtn-fade-bg  none  ubtn-sep-icon ubtn-sep-icon-at-left  ubtn-right   tooltip-69f41e189180b ubtn-block\"  data-hover=\"#ffffff\" data-border-color=\"\" data-bg=\"#f9b233\" data-hover-bg=\"#a2c617\" data-border-hover=\"\" data-shadow-hover=\"\" data-shadow-click=\"none\" data-shadow=\"\" data-shd-shadow=\"\"  data-ultimate-target='#ubtn-9200'  data-responsive-json-new='{\"font-size\":\"desktop:20px;\",\"line-height\":\"desktop:14px;\"}'  style=\"font-family:&#039;Montserrat&#039;;font-weight:700;border:none;background: #f9b233;color: #ffffff;\"><span class=\"ubtn-data ubtn-icon\"><i class=\"icomoon-the7-font-the7-sort-02\" style=\"font-size:32px;color:#ffffff;\"><\/i><\/span><span class=\"ubtn-hover\" style=\"background-color:#a2c617\"><\/span><span class=\"ubtn-data ubtn-text \" >Termin<\/span><\/button><\/a><\/div>[\/vc_column][\/vc_row]<\/p>\n<\/div>","protected":false},"excerpt":{"rendered":"<p>[vc_row full_width=&#8220;stretch_row&#8220; css=&#8220;.vc_custom_1711645943129{padding-top: 80px !important;padding-bottom: 80px !important;background-color: #f5f5f5 !important;}&#8220;][vc_column][vc_row_inner content_placement=&#8220;bottom&#8220;][vc_column_inner width=&#8220;1\/4&#8243; offset=&#8220;vc_hidden-sm vc_hidden-xs&#8220;][vc_single_image image=&#8220;1439&#8243; img_size=&#8220;120&#215;120&#8243; alignment=&#8220;center&#8220;][\/vc_column_inner][vc_column_inner width=&#8220;3\/4&#8243;][vc_empty_space][vc_column_text] Hier k\u00f6nnen Sie einfach und unkompliziert Ihre \u00dcberweisung anfordern. Bitte f\u00fcllen Sie das Formular vollst\u00e4ndig aus. Felder mit einem * sind Pflichtfelder. Klicken Sie anschlie\u00dfend auf SENDEN. [\/vc_column_text][\/vc_column_inner][\/vc_row_inner][vc_empty_space height=&#8220;64px&#8220;][\/vc_column][\/vc_row][vc_row full_width=&#8220;stretch_row&#8220; equal_height=&#8220;yes&#8220; content_placement=&#8220;middle&#8220; type=&#8220;vc_default&#8220; css=&#8220;.vc_custom_1471297632374{padding-top: 40px !important;padding-bottom: 40px !important;background-color:&hellip;<\/p>\n","protected":false},"author":1,"featured_media":0,"parent":113,"menu_order":20,"comment_status":"closed","ping_status":"closed","template":"","meta":{"footnotes":""},"class_list":["post-1421","page","type-page","status-publish","hentry","description-off"],"_links":{"self":[{"href":"https:\/\/praxisadolphmissler.de\/index.php\/wp-json\/wp\/v2\/pages\/1421","targetHints":{"allow":["GET"]}}],"collection":[{"href":"https:\/\/praxisadolphmissler.de\/index.php\/wp-json\/wp\/v2\/pages"}],"about":[{"href":"https:\/\/praxisadolphmissler.de\/index.php\/wp-json\/wp\/v2\/types\/page"}],"author":[{"embeddable":true,"href":"https:\/\/praxisadolphmissler.de\/index.php\/wp-json\/wp\/v2\/users\/1"}],"replies":[{"embeddable":true,"href":"https:\/\/praxisadolphmissler.de\/index.php\/wp-json\/wp\/v2\/comments?post=1421"}],"version-history":[{"count":9,"href":"https:\/\/praxisadolphmissler.de\/index.php\/wp-json\/wp\/v2\/pages\/1421\/revisions"}],"predecessor-version":[{"id":1744,"href":"https:\/\/praxisadolphmissler.de\/index.php\/wp-json\/wp\/v2\/pages\/1421\/revisions\/1744"}],"up":[{"embeddable":true,"href":"https:\/\/praxisadolphmissler.de\/index.php\/wp-json\/wp\/v2\/pages\/113"}],"wp:attachment":[{"href":"https:\/\/praxisadolphmissler.de\/index.php\/wp-json\/wp\/v2\/media?parent=1421"}],"curies":[{"name":"wp","href":"https:\/\/api.w.org\/{rel}","templated":true}]}}